54)/(-8) - -3). List the prime factors of y*5/(-30)*4.
2, 13
Let y = 8474 + -4849. What are the prime factors of y?
5, 29
What are the prime factors of (-23286)/(-14) + 38/(-133)?
1663
Suppose -t + h = 26, t + 20 - 4 = -h. Suppose -4*v - w + 1 = 2*w, v = -w + 1. List the prime factors of (-7)/(t/60) + v.
2, 3
Let x(t) = -16*t - 30. Suppose 5*j - 1 + 31 = -4*n, 18 = -3*j - 4*n. List the prime factors of x(j).
2, 3, 11
Let v(z) = -106*z + 162. List the prime factors of v(-29).
2, 809
Let i(y) = -y**3 - 2*y**2 - 7. Let w be i(-3). Suppose -d - w*d + 471 = 0. List the prime factors of d.
157
Let f(m) = -m**3 - m - 18. Let v be f(0). Let c = v + 21. List the prime factors of 0 + c + -6 - -21.
2, 3
Let d(y) = -62*y - 158. What are the prime factors of d(-15)?
2, 193
Suppose -4*p + 40 + 22 = j, -4*j - 37 = -3*p. Let g = 21 - p. Suppose -3*u = -g - 33. List the prime factors of u.
13
Let z = 10 - 26. What are the prime factors of (z - -13) + (37 - -1)?
5, 7
Suppose 0 = -3*c + 9, -o = -5*c + 2*c - 49. What are the prime factors of o?
2, 29
Suppose -8*v + 60 = 2*v. Let g(n) = n**3 - 7*n**2 + 9*n - 3. What are the prime factors of g(v)?
3, 5
Let s(x) = -11*x - 5. Let k be (-2)/(-1 + 5)*-4. Suppose 4*i - k*b = -22, 2*i + 2*b - 6 + 2 = 0. What are the prime factors of s(i)?
2, 7
Suppose 3*a - 1 = 14. Suppose -1 = 3*s + a. What are the prime factors of s/(-2) + 84/2?
43
Let j = 12 - 8. Let w(z) = -z**2 + 11*z + 4. Let x be w(11). Suppose 4*m - x = 0, -m - 31 = j*v - 184. What are the prime factors of v?
2, 19
Suppose -54 + 9036 = 18*c. What are the prime factors of c?
499
Let r(a) = 2*a + 7. Let j be r(6). List the prime factors of j/(-57) + (-458)/(-6).
2, 19
Let y(o) = -o**3 + o**2 - 2*o + 43. Let z be y(0). Let c = z - 30. List the prime factors of c.
13
Suppose -3*x = 5*n + 195 - 726, 2*x - 354 = -4*n. List the prime factors of x.
3, 59
Let p(w) = w**2 + 10*w - 11. Let v be p(-10). Let j = v + 12. List the prime factors of (j + -15)*(4 + -5).
2, 7
Let u = 48 - 44. Suppose -u*b + 81 = g - 0*b, g = 3*b + 81. What are the prime factors of g?
3
Let a = -2 + 5. Let t = -33 + 101. Suppose -i = a*i - t. What are the prime factors of i?
17
Suppose -3*j = -4*i - 1929, -2*j - 3*i + 695 = -591. What are the prime factors of j?
643
Let f be ((-46)/(-4))/((-1)/(-2)) + -2. Suppose k = r + f - 91, 4*r = -2*k + 298. What are the prime factors of r?
73
Let v(n) = -n**3 - 2*n**2 - n - 5. Let p be v(-3). Let i(d) = -d**2 + 3*d - 3. Let w be i(2). List the prime factors of 2262/91 - w/p.
5
List the prime factors of (2/(-3))/((-44)/3696).
2, 7
Suppose 6*p - p = 210. Let o(d) = 2*d**2 + 2*d - 5. Let h be o(0). Let j = p + h. List the prime factors of j.
37
Let u(m) = -m**3 + m**2 + m - 5. Let x be u(0). Let h(i) = 2*i - 9. Let k(b) = 2*b - 9. Let q(y) = -3*h(y) + 2*k(y). What are the prime factors of q(x)?
19
Suppose 2*f = 4*u, u - 1 = -2*u + 2*f. List the prime factors of (1 + 52)*u/(-1).
53
What are the prime factors of (-114)/27*-12*9/2?
2, 3, 19
Let m(u) = -71*u + 76. List the prime factors of m(-5).
431
List the prime factors of (-304)/114 - (-719)/3.
3, 79
What are the prime factors of 644 + (3 - (-5 - -8))?
2, 7, 23
Let w = -3 + 1. Let h(c) = -c**3 - 10*c**2 + 2. Let i be h(-10). List the prime factors of (-12 + i)*3/w.
3, 5
Suppose 4*k = 6*k - l - 1289, -2*l = 4*k - 2558. What are the prime factors of k?
2, 3, 107
Suppose s = -3*k - 925 - 1030, 4*s = -20. List the prime factors of (-34 - -35)*(1 + k/(-2)).
2, 163
Let q = -201 - -117. Let y be (-4)/12 - q/(-18). List the prime factors of (-8)/y*(0 + 25).
2, 5
Suppose -g + 5686 = 5*w - 1077, -w + 5*g = -1363. List the prime factors of w.
3, 11, 41
What are the prime factors of 23514/22 - 362/(-1991)?
1069
Let c be (-1)/2*(1 + -1). Let i(k) = k - 37. Let p be i(c). Let n = p - -61. What are the prime factors of n?
2, 3
Let m be 6414/102 - 4/(-34). Suppose m = -5*c - 22. Let r(h) = h**3 + 16*h**2 - 19*h + 18. What are the prime factors of r(c)?
2, 13
Let s(t) = 30*t**2 + 16*t - 9. List the prime factors of s(5).
821
What are the prime factors of -142*(-232)/16*1?
29, 71
Let f be (1 + 1 + 7)*-1. Let n(o) = o**3 + 9*o**2 - 2*o. Let t be n(f). Suppose 2*l + 5*g = 21, t = 3*l - 5*g - 51. What are the prime factors of l?
2, 3
Suppose 4*c + 49 - 209 = 0. Let k = 7 + -7. Suppose k = -7*w + 5*w + c. What are the prime factors of w?
2, 5
What are the prime factors of -110*3/(-12)*8?
2, 5, 11
Suppose 0*o = -3*k + o + 1694, k - 5*o = 588. What are the prime factors of k?
563
Suppose 19*b + 734 = 21*b. What are the prime factors of b?
367
Let a(q) = 9*q**3 - 54*q**2 - 19*q + 10. List the prime factors of a(8).
2, 5, 101
Let w = 78 - -1738. What are the prime factors of w?
2, 227
Let b = -263 - -1382. What are the prime factors of b?
3, 373
Suppose 4*m - 1233 = 1691. List the prime factors of m.
17, 43
Let d be 92*(-1 + 0 + 3). Suppose 6*q = 2*q + d. List the prime factors of q.
2, 23
Suppose -3*x + 8 = -2*y, -3*x + 4*y + 11 = -y. Let c be x - 2/(-4)*6. Suppose -n + 5*n = -f + 175, -5*f - 250 = -c*n. List the prime factors of n.
3, 5
What are the prime factors of ((-3)/6)/1 + (-180)/(-8)?
2, 11
Suppose -329*c - 62688 = -361*c. List the prime factors of c.
3, 653
Let t(j) = 978*j**3 + j**2 + 6*j - 5. What are the prime factors of t(1)?
2, 5, 7
Let n(u) = -22*u**3 - 2*u**2 - 11*u + 6. What are the prime factors of n(-4)?
2, 23, 31
Let f(g) = -g**3 - 5*g**2 + 3*g - 7. Let u be f(-7). Let p be 52/14 + 20/u. What are the prime factors of 2/(-2) + p + -1?
2
Let t(x) = -x**3 - 7*x**2 + 7*x - 8. Let s be t(-8). Suppose 2*d + 20 + 8 = s. Let p = 28 + d. What are the prime factors of p?
2, 7
Suppose -27 - 25 = -4*z. Suppose -45*w + 36*w = -54. Suppose -z = -u + w. List the prime factors of u.
19
Let h(y) = 34*y**3 - 5*y**2 - 9*y + 47. List the prime factors of h(3).
19, 47
Let j(t) = t**2 + 5*t - 12. What are the prime factors of j(2)?
2
Let w = -963 - -1432. What are the prime factors of w?
7, 67
Suppose 13*k - 40411 = -7339. List the prime factors of k.
2, 3, 53
Let j(a) = 4*a - 8. Let q be j(3). Suppose -4*o = -0*o + 5*x - 605, o = 2*x + 161. Suppose q*f - 9*f = -o. List the prime factors of f.
31
Suppose 9*r + 362 = 2504. List the prime factors of r.
2, 7, 17
Let b(l) = -l - 3. Let t be b(3). Let z be (-4)/t*(6 - 0). Suppose 0 = z*s - 3*s - 39. What are the prime factors of s?
3, 13
Let a = 700 + -129. What are the prime factors of a?
571
Suppose 4*i - 2*i = 0, -j + i + 1464 = 0. What are the prime factors of j?
2, 3, 61
Suppose 24*t - 20*t + 3804 = 2*w, -w + 4*t = -1906. What are the prime factors of w?
2, 13, 73
Let s = -21 + 12. What are the prime factors of (-4)/6 + (-546)/s?
2, 3, 5
Let a be 3 - (105/(-1) + -2). Let u = 266 - 190. Let d = a - u. List the prime factors of d.
2, 17
Suppose -11*t - 24773 = -958. List the prime factors of t/(-15) + -2*(-2)/(-12).
2, 3
Let l(a) = 3*a**2 + 4*a + 7. Let m(k) = -7*k**2 - 7*k - 14. Let c = -8 + 13. Let y(x) = c*l(x) + 2*m(x). List the prime factors of y(-6).
7
List the prime factors of 615 - 0 - (-10 + -9 + 17).
617
Suppose -11*g = -16*g + 280. Let n be (-1)/7 + 344/g. Suppose -n*s = -65 - 37. What are the prime factors of s?
17
Let y(f) = -128*f - 20. What are the prime factors of y(-1)?
2, 3
Let c = -27 + 30. List the prime factors of -1*(-68)/12*c.
17
Suppose -2*d + 57 = d. Suppose d = 3*f + 7. Suppose -3*m - 26 = -2*r + m, 5*r - f*m = 53. List the prime factors of r.
3
Let u(v) = v**2 - 6*v - 241. What are the prime factors of u(36)?
839
Let x(t) = 4*t**2 - 11*t + 2. Let w be x(3). Suppose -25 = -w*f, -7*r + 3*r + 4*f = -840. What are the prime factors of r?
5, 43
Let x = 17 + -13. Let a be x + (-69*1 - -2). Let d = -2 - a. List the prime factors of d.
61
Suppose 2*s - 30 = 7*s. Let c be (-9)/s - 15/(-2). Let u(l) = l**2 - 8*l + 13. List the prime factors of u(c).
2, 11
Let d(w) be the third derivative of 5/24*w**4 + 0 + 0*w + 6*w**2 + 1/6*w**3. What are the prime factors of d(6)?
31
Let w(k) = k**3 + 9*k**2 - 2*k + 3. Let n be (-18)/12 + 33/6. Suppose n*j + 2*b + 50 = 4, 16 = -4*j + 4*b. List the prime factors of w(j).
3, 7
Let o be ((-3)/6)/((-5)/60). List the prime factors of o/((-180)/(-87) - 2).
3, 29
Let f(u) = -355*u**3 - 2*u**2 - 10*u + 1. What are the prime factors of f(-2)?
